{"id":2210,"date":"2023-07-27T16:07:16","date_gmt":"2023-07-27T14:07:16","guid":{"rendered":"https:\/\/isual.fr\/?page_id=2210"},"modified":"2023-07-30T17:55:42","modified_gmt":"2023-07-30T15:55:42","slug":"conditions-generales-de-vente","status":"publish","type":"page","link":"https:\/\/isual.fr\/index.php\/conditions-generales-de-vente\/","title":{"rendered":"Conditions g\u00e9n\u00e9rales de vente"},"content":{"rendered":"\t\t<div data-elementor-type=\"wp-page\" data-elementor-id=\"2210\" class=\"elementor elementor-2210\">\n\t\t\t\t\t\t<section class=\"elementor-section elementor-top-section elementor-element elementor-element-31fdc261 elementor-section-boxed elementor-section-height-default elementor-section-height-default elementor-invisible\" data-id=\"31fdc261\" data-element_type=\"section\" data-e-type=\"section\" data-settings=\"{&quot;background_background&quot;:&quot;classic&quot;,&quot;animation&quot;:&quot;fadeIn&quot;}\">\n\t\t\t\t\t\t\t<div class=\"elementor-background-overlay\"><\/div>\n\t\t\t\t\t\t\t<div class=\"elementor-container elementor-column-gap-default\">\n\t\t\t\t\t<div class=\"elementor-column elementor-col-100 elementor-top-column elementor-element elementor-element-4c66d8d1\" data-id=\"4c66d8d1\" data-element_type=\"column\" data-e-type=\"column\">\n\t\t\t<div class=\"elementor-widget-wrap elementor-element-populated\">\n\t\t\t\t\t\t<div class=\"elementor-element elementor-element-448a52cb elementor-invisible elementor-widget elementor-widget-heading\" data-id=\"448a52cb\" data-element_type=\"widget\" data-e-type=\"widget\" data-settings=\"{&quot;_animation&quot;:&quot;fadeInUp&quot;,&quot;_animation_delay&quot;:&quot;200&quot;}\" data-widget_type=\"heading.default\">\n\t\t\t\t<div class=\"elementor-widget-container\">\n\t\t\t\t\t<h1 class=\"elementor-heading-title elementor-size-default\">Conditions g\u00e9n\u00e9rales<br>de vente<\/h1>\t\t\t\t<\/div>\n\t\t\t\t<\/div>\n\t\t\t\t\t<\/div>\n\t\t<\/div>\n\t\t\t\t\t<\/div>\n\t\t<\/section>\n\t\t\t\t<section class=\"elementor-section elementor-top-section elementor-element elementor-element-1259af8 elementor-section-boxed elementor-section-height-default elementor-section-height-default\" data-id=\"1259af8\" data-element_type=\"section\" data-e-type=\"section\">\n\t\t\t\t\t\t<div class=\"elementor-container elementor-column-gap-default\">\n\t\t\t\t\t<div class=\"elementor-column elementor-col-100 elementor-top-column elementor-element elementor-element-286ebfb\" data-id=\"286ebfb\" data-element_type=\"column\" data-e-type=\"column\">\n\t\t\t<div class=\"elementor-widget-wrap elementor-element-populated\">\n\t\t\t\t\t\t<div class=\"elementor-element elementor-element-524f9e3 elementor-widget__width-initial elementor-widget elementor-widget-text-editor\" data-id=\"524f9e3\" data-element_type=\"widget\" data-e-type=\"widget\" data-widget_type=\"text-editor.default\">\n\t\t\t\t<div class=\"elementor-widget-container\">\n\t\t\t\t\t\t\t\t\t<p><span style=\"font-size: 14.000001px; color: var( --e-global-color-text );\">Les pr\u00e9sentes Conditions G\u00e9n\u00e9rales de Vente (CGV) r\u00e9gissent les relations contractuelles entre Isual et ses clients, ci-apr\u00e8s d\u00e9nomm\u00e9s \u00ab\u00a0Le Client\u00a0\u00bb. Ces CGV s&rsquo;appliquent \u00e0 toute prestation de services de graphisme et de design fournie par Isual au Client. E<\/span><span style=\"font-family: Roboto, sans-serif; font-size: 14.000001px; font-style: normal; font-variant-caps: normal; color: var( --e-global-color-text );\">lles entrent en vigueur d\u00e8s l&rsquo;acceptation du devis par le client.<\/span><\/p>\n<h2><span style=\"font-family: Roboto, sans-serif; font-size: 14.000001px; font-style: normal; font-variant-caps: normal; color: var( --e-global-color-text );\">&nbsp;<\/span><span style=\"color: #007f90; font-size: 20px;\">Contact du client :<\/span><\/h2>\n<p>Le client peut prendre contact avec Isual en utilisant le formulaire de contact ou en envoyant un e-mail afin d&rsquo;initier une discussion concernant son projet.<\/p>\n<h2><span style=\"color: #007f90;\">Devis :<\/span><\/h2>\n<p><span style=\"color: var( --e-global-color-text ); font-size: 14.000001px;\">Suite \u00e0 cet \u00e9change, Isual s&rsquo;engage \u00e0 fournir un devis d\u00e9taill\u00e9 au client.&nbsp;<\/span><span style=\"font-family: Roboto, sans-serif; font-size: 14.000001px; font-style: normal; font-variant-caps: normal; color: var( --e-global-color-text );\">Le devis, une fois accept\u00e9 par le Client, constitue un accord entre les parties et \u00e9tablit les d\u00e9tails du projet, incluant les d\u00e9lais, les livrables, et les co\u00fbts associ\u00e9s.<\/span><\/p>\n<h2><span style=\"color: #007f90;\">Acceptation du devis :<\/span><\/h2>\n<p>Si le client accepte le devis pr\u00e9sent\u00e9 par Isual, il est alors convenu que ce dernier deviendra un contrat entre les deux parties.<\/p>\n<h2><span style=\"color: #007f90;\">Paiement initial :<\/span><\/h2>\n<p><span style=\"font-family: Roboto, sans-serif; font-size: 14.000001px; font-style: normal; font-variant-caps: normal;\">Le tarif des services de Isual est sp\u00e9cifi\u00e9 dans le devis. Le Client s&rsquo;engage \u00e0 verser un acompte de 50% du montant total du devis au d\u00e9but du projet. Le paiement du solde (50%) devra \u00eatre effectu\u00e9 \u00e0 la livraison finale du projet. Les paiements peuvent \u00eatre effectu\u00e9s par virement ou tout autre mode de paiement accept\u00e9 par Isual.<\/span><\/p>\n<h2><span style=\"color: #007f90;\"><span style=\"caret-color: #007f90;\">R\u00e9visions&nbsp;et modifications :<\/span><\/span><\/h2>\n<p><span style=\"font-family: Roboto, sans-serif; font-size: 14.000001px; font-style: normal; font-variant-caps: normal; color: var( --e-global-color-text );\">Les modifications substantielles en dehors du p\u00e9rim\u00e8tre initial du projet pourront faire l&rsquo;objet de frais suppl\u00e9mentaires, convenus entre les parties.<\/span><\/p>\n<h2><span style=\"color: #007f90;\">Livraison du projet :<\/span><\/h2>\n<p>Une fois le projet achev\u00e9, Isual proc\u00e9dera \u00e0 la livraison finale. \u00c0 ce moment, le client devra r\u00e9gler les 50% restants du tarif convenu.<\/p>\n<h2 style=\"font-variant-caps: normal; font-style: normal;\"><span style=\"font-size: 20px; color: #007f90;\">Responsabilit\u00e9s du client :<\/span><\/h2>\n<p style=\"font-variant-caps: normal; font-family: Roboto, sans-serif; font-size: 14.000001px; font-style: normal;\">Le Client est tenu de fournir toutes les informations et documents n\u00e9cessaires pour l&rsquo;ex\u00e9cution du projet dans les d\u00e9lais convenus. Isual ne pourra \u00eatre tenu responsable des retards ou de la qualit\u00e9 des livrables si ces \u00e9l\u00e9ments ne sont pas fournis en temps voulu ou s&rsquo;ils sont incomplets.<\/p>\n<h2 style=\"font-variant-caps: normal; font-style: normal;\"><span style=\"font-size: 20px; color: #007f90;\">R\u00e9siliation :<\/span><\/h2>\n<p style=\"font-variant-caps: normal; font-family: Roboto, sans-serif; font-size: 14.000001px; font-style: normal;\"><span style=\"font-size: 14.000001px; color: var( --e-global-color-text );\">En cas de r\u00e9siliation du projet par le Client, des frais correspondant au travail d\u00e9j\u00e0 effectu\u00e9 pourront \u00eatre factur\u00e9s par Isual, selon le stade d&rsquo;avancement du projet. Si le projet a \u00e9t\u00e9 lanc\u00e9, l&rsquo;acompte de 50% du montant total ne sera pas revers\u00e9 par Isual.<\/span><\/p>\n<h2 style=\"font-variant-caps: normal; font-style: normal;\"><span style=\"font-size: 20px; color: #007f90;\">Force Majeure :<\/span><\/h2>\n<p style=\"font-variant-caps: normal; font-family: Roboto, sans-serif; font-size: 14.000001px; font-style: normal;\">Ni Isual ni le Client ne pourront \u00eatre tenus responsables en cas de non-ex\u00e9cution totale ou partielle des obligations pr\u00e9vues dans le cadre des pr\u00e9sentes CGV en cas de force majeure. La date de livraison du projet graphique entam\u00e9 pourrait \u00eatre modifi\u00e9e en cas de force majeure, notamment pour les raisons suivantes :<\/p>\n<ul>\n<li class=\"p1\"><span class=\"s1\">Probl\u00e8mes techniques majeurs : Pannes informatiques graves, d\u00e9faillances mat\u00e9rielles ou des probl\u00e8mes d&rsquo;acc\u00e8s \u00e0 Internet.<\/span><\/li>\n<li class=\"p1\"><span class=\"s1\">Maladie ou accident : Maladie grave ou accident entra\u00eenant une incapacit\u00e9 de travail. <\/span><\/li>\n<li class=\"p1\"><span class=\"s1\">Catastrophes naturelles : Des \u00e9v\u00e9nements impr\u00e9visibles tels que les tremblements de terre, les inondations ou les temp\u00eates.<\/span><\/li>\n<li class=\"p1\"><span class=\"s1\">Probl\u00e8mes de sant\u00e9 publique : Si une situation de pand\u00e9mie ou une autre urgence de sant\u00e9 publique affecte la capacit\u00e9 \u00e0 travailler.<\/span><\/li>\n<\/ul>\n<h2><span style=\"color: #007f90;\"><span style=\"caret-color: #007f90;\">Confidentialit\u00e9 :<\/span><\/span><\/h2>\n<p style=\"font-variant-caps: normal; font-family: Roboto, sans-serif; font-size: 14.000001px; font-style: normal;\">Isual s&rsquo;engage \u00e0 traiter toutes les informations fournies par le Client dans le cadre du projet de mani\u00e8re confidentielle. Le Client s&rsquo;engage \u00e9galement \u00e0 ne pas divulguer les m\u00e9thodes de travail et les techniques utilis\u00e9es par Isual, sauf autorisation expresse.<\/p>\n<h2><span style=\"color: #007f90;\">Propri\u00e9t\u00e9 intellectuelle :<\/span><\/h2>\n<p style=\"font-variant-caps: normal; font-family: Roboto, sans-serif; font-size: 14.000001px; font-style: normal;\">Isual conserve tous les droits de propri\u00e9t\u00e9 intellectuelle sur les cr\u00e9ations et les conceptions r\u00e9alis\u00e9es dans le cadre du projet, sauf accord contraire sp\u00e9cifi\u00e9 dans le devis. Le Client est autoris\u00e9 \u00e0 utiliser les livrables \u00e0 des fins sp\u00e9cifi\u00e9es dans le projet, mais ne peut les modifier ou les utiliser \u00e0 d&rsquo;autres fins sans consentement \u00e9crit de Isual.<\/p>\n<p>Les pr\u00e9sentes CGV sont r\u00e9gies par la loi Fran\u00e7aise. Tout litige d\u00e9coulant de leur interpr\u00e9tation ou de leur ex\u00e9cution rel\u00e8vera de la comp\u00e9tence exclusive des tribunaux de Paris.<\/p>\n<p>Conditions G\u00e9n\u00e9rales de Vente (CGV) &#8211; Services de Graphiste Freelance<\/p>\t\t\t\t\t\t\t\t<\/div>\n\t\t\t\t<\/div>\n\t\t\t\t\t<\/div>\n\t\t<\/div>\n\t\t\t\t\t<\/div>\n\t\t<\/section>\n\t\t\t\t<section class=\"elementor-section elementor-top-section elementor-element elementor-element-04d4cfd elementor-section-boxed elementor-section-height-default elementor-section-height-default\" data-id=\"04d4cfd\" data-element_type=\"section\" data-e-type=\"section\">\n\t\t\t\t\t\t<div class=\"elementor-container elementor-column-gap-default\">\n\t\t\t\t\t<div class=\"elementor-column elementor-col-100 elementor-top-column elementor-element elementor-element-41a9b69\" data-id=\"41a9b69\" data-element_type=\"column\" data-e-type=\"column\">\n\t\t\t<div class=\"elementor-widget-wrap elementor-element-populated\">\n\t\t\t\t\t\t<div class=\"elementor-element elementor-element-d937ec6 elementor-widget elementor-widget-spacer\" data-id=\"d937ec6\" data-element_type=\"widget\" data-e-type=\"widget\" data-widget_type=\"spacer.default\">\n\t\t\t\t<div class=\"elementor-widget-container\">\n\t\t\t\t\t\t\t<div class=\"elementor-spacer\">\n\t\t\t<div class=\"elementor-spacer-inner\"><\/div>\n\t\t<\/div>\n\t\t\t\t\t\t<\/div>\n\t\t\t\t<\/div>\n\t\t\t\t\t<\/div>\n\t\t<\/div>\n\t\t\t\t\t<\/div>\n\t\t<\/section>\n\t\t\t\t<\/div>\n\t\t","protected":false},"excerpt":{"rendered":"<p>Conditions g\u00e9n\u00e9ralesde vente Les pr\u00e9sentes Conditions G\u00e9n\u00e9rales de Vente (CGV) r\u00e9gissent les relations contractuelles entre Isual et ses clients, ci-apr\u00e8s d\u00e9nomm\u00e9s \u00ab\u00a0Le Client\u00a0\u00bb. Ces CGV s&rsquo;appliquent \u00e0 toute prestation de services de graphisme et de design fournie par Isual au Client. Elles entrent en vigueur d\u00e8s l&rsquo;acceptation du devis par le client. &nbsp;Contact du client [&hellip;]<\/p>\n","protected":false},"author":1,"featured_media":0,"parent":0,"menu_order":0,"comment_status":"closed","ping_status":"closed","template":"","meta":{"_mi_skip_tracking":false,"_monsterinsights_sitenote_active":false,"_monsterinsights_sitenote_note":"","_monsterinsights_sitenote_category":0,"ocean_post_layout":"","ocean_both_sidebars_style":"","ocean_both_sidebars_content_width":0,"ocean_both_sidebars_sidebars_width":0,"ocean_sidebar":"0","ocean_second_sidebar":"0","ocean_disable_margins":"enable","ocean_add_body_class":"","ocean_shortcode_before_top_bar":"","ocean_shortcode_after_top_bar":"","ocean_shortcode_before_header":"","ocean_shortcode_after_header":"","ocean_has_shortcode":"","ocean_shortcode_after_title":"","ocean_shortcode_before_footer_widgets":"","ocean_shortcode_after_footer_widgets":"","ocean_shortcode_before_footer_bottom":"","ocean_shortcode_after_footer_bottom":"","ocean_display_top_bar":"default","ocean_display_header":"default","ocean_header_style":"","ocean_center_header_left_menu":"0","ocean_custom_header_template":"0","ocean_custom_logo":0,"ocean_custom_retina_logo":0,"ocean_custom_logo_max_width":0,"ocean_custom_logo_tablet_max_width":0,"ocean_custom_logo_mobile_max_width":0,"ocean_custom_logo_max_height":0,"ocean_custom_logo_tablet_max_height":0,"ocean_custom_logo_mobile_max_height":0,"ocean_header_custom_menu":"0","ocean_menu_typo_font_family":"0","ocean_menu_typo_font_subset":"","ocean_menu_typo_font_size":0,"ocean_menu_typo_font_size_tablet":0,"ocean_menu_typo_font_size_mobile":0,"ocean_menu_typo_font_size_unit":"px","ocean_menu_typo_font_weight":"","ocean_menu_typo_font_weight_tablet":"","ocean_menu_typo_font_weight_mobile":"","ocean_menu_typo_transform":"","ocean_menu_typo_transform_tablet":"","ocean_menu_typo_transform_mobile":"","ocean_menu_typo_line_height":0,"ocean_menu_typo_line_height_tablet":0,"ocean_menu_typo_line_height_mobile":0,"ocean_menu_typo_line_height_unit":"","ocean_menu_typo_spacing":0,"ocean_menu_typo_spacing_tablet":0,"ocean_menu_typo_spacing_mobile":0,"ocean_menu_typo_spacing_unit":"","ocean_menu_link_color":"","ocean_menu_link_color_hover":"","ocean_menu_link_color_active":"","ocean_menu_link_background":"","ocean_menu_link_hover_background":"","ocean_menu_link_active_background":"","ocean_menu_social_links_bg":"","ocean_menu_social_hover_links_bg":"","ocean_menu_social_links_color":"","ocean_menu_social_hover_links_color":"","ocean_disable_title":"on","ocean_disable_heading":"default","ocean_post_title":"","ocean_post_subheading":"","ocean_post_title_style":"","ocean_post_title_background_color":"","ocean_post_title_background":0,"ocean_post_title_bg_image_position":"","ocean_post_title_bg_image_attachment":"","ocean_post_title_bg_image_repeat":"","ocean_post_title_bg_image_size":"","ocean_post_title_height":0,"ocean_post_title_bg_overlay":0.5,"ocean_post_title_bg_overlay_color":"","ocean_disable_breadcrumbs":"default","ocean_breadcrumbs_color":"","ocean_breadcrumbs_separator_color":"","ocean_breadcrumbs_links_color":"","ocean_breadcrumbs_links_hover_color":"","ocean_display_footer_widgets":"default","ocean_display_footer_bottom":"default","ocean_custom_footer_template":"0","footnotes":""},"class_list":["post-2210","page","type-page","status-publish","hentry","entry"],"yoast_head":"<!-- This site is optimized with the Yoast SEO plugin v27.3 - https:\/\/yoast.com\/product\/yoast-seo-wordpress\/ -->\n<title>Conditions g\u00e9n\u00e9rales de vente - Isual<\/title>\n<meta name=\"robots\" content=\"index, follow, max-snippet:-1, max-image-preview:large, max-video-preview:-1\" \/>\n<link rel=\"canonical\" href=\"https:\/\/isual.fr\/index.php\/conditions-generales-de-vente\/\" \/>\n<meta property=\"og:locale\" content=\"fr_FR\" \/>\n<meta property=\"og:type\" content=\"article\" \/>\n<meta property=\"og:title\" content=\"Conditions g\u00e9n\u00e9rales de vente - Isual\" \/>\n<meta property=\"og:description\" content=\"Conditions g\u00e9n\u00e9ralesde vente Les pr\u00e9sentes Conditions G\u00e9n\u00e9rales de Vente (CGV) r\u00e9gissent les relations contractuelles entre Isual et ses clients, ci-apr\u00e8s d\u00e9nomm\u00e9s \u00ab\u00a0Le Client\u00a0\u00bb. Ces CGV s&rsquo;appliquent \u00e0 toute prestation de services de graphisme et de design fournie par Isual au Client. Elles entrent en vigueur d\u00e8s l&rsquo;acceptation du devis par le client. &nbsp;Contact du client [&hellip;]\" \/>\n<meta property=\"og:url\" content=\"https:\/\/isual.fr\/index.php\/conditions-generales-de-vente\/\" \/>\n<meta property=\"og:site_name\" content=\"Isual\" \/>\n<meta property=\"article:modified_time\" content=\"2023-07-30T15:55:42+00:00\" \/>\n<meta name=\"twitter:card\" content=\"summary_large_image\" \/>\n<meta name=\"twitter:label1\" content=\"Dur\u00e9e de lecture estim\u00e9e\" \/>\n\t<meta name=\"twitter:data1\" content=\"4 minutes\" \/>\n<script type=\"application\/ld+json\" class=\"yoast-schema-graph\">{\"@context\":\"https:\\\/\\\/schema.org\",\"@graph\":[{\"@type\":\"WebPage\",\"@id\":\"https:\\\/\\\/isual.fr\\\/index.php\\\/conditions-generales-de-vente\\\/\",\"url\":\"https:\\\/\\\/isual.fr\\\/index.php\\\/conditions-generales-de-vente\\\/\",\"name\":\"Conditions g\u00e9n\u00e9rales de vente - Isual\",\"isPartOf\":{\"@id\":\"https:\\\/\\\/isual.fr\\\/#website\"},\"datePublished\":\"2023-07-27T14:07:16+00:00\",\"dateModified\":\"2023-07-30T15:55:42+00:00\",\"breadcrumb\":{\"@id\":\"https:\\\/\\\/isual.fr\\\/index.php\\\/conditions-generales-de-vente\\\/#breadcrumb\"},\"inLanguage\":\"fr-FR\",\"potentialAction\":[{\"@type\":\"ReadAction\",\"target\":[\"https:\\\/\\\/isual.fr\\\/index.php\\\/conditions-generales-de-vente\\\/\"]}]},{\"@type\":\"BreadcrumbList\",\"@id\":\"https:\\\/\\\/isual.fr\\\/index.php\\\/conditions-generales-de-vente\\\/#breadcrumb\",\"itemListElement\":[{\"@type\":\"ListItem\",\"position\":1,\"name\":\"Accueil\",\"item\":\"https:\\\/\\\/isual.fr\\\/\"},{\"@type\":\"ListItem\",\"position\":2,\"name\":\"Conditions g\u00e9n\u00e9rales de vente\"}]},{\"@type\":\"WebSite\",\"@id\":\"https:\\\/\\\/isual.fr\\\/#website\",\"url\":\"https:\\\/\\\/isual.fr\\\/\",\"name\":\"isual.fr\",\"description\":\"Rendez vos id\u00e9es visibles\",\"publisher\":{\"@id\":\"https:\\\/\\\/isual.fr\\\/#organization\"},\"potentialAction\":[{\"@type\":\"SearchAction\",\"target\":{\"@type\":\"EntryPoint\",\"urlTemplate\":\"https:\\\/\\\/isual.fr\\\/?s={search_term_string}\"},\"query-input\":{\"@type\":\"PropertyValueSpecification\",\"valueRequired\":true,\"valueName\":\"search_term_string\"}}],\"inLanguage\":\"fr-FR\"},{\"@type\":\"Organization\",\"@id\":\"https:\\\/\\\/isual.fr\\\/#organization\",\"name\":\"isual.fr\",\"url\":\"https:\\\/\\\/isual.fr\\\/\",\"logo\":{\"@type\":\"ImageObject\",\"inLanguage\":\"fr-FR\",\"@id\":\"https:\\\/\\\/isual.fr\\\/#\\\/schema\\\/logo\\\/image\\\/\",\"url\":\"https:\\\/\\\/isual.fr\\\/wp-content\\\/uploads\\\/2023\\\/02\\\/cropped-cropped-logo_isual-1.png\",\"contentUrl\":\"https:\\\/\\\/isual.fr\\\/wp-content\\\/uploads\\\/2023\\\/02\\\/cropped-cropped-logo_isual-1.png\",\"width\":896,\"height\":425,\"caption\":\"isual.fr\"},\"image\":{\"@id\":\"https:\\\/\\\/isual.fr\\\/#\\\/schema\\\/logo\\\/image\\\/\"}}]}<\/script>\n<!-- \/ Yoast SEO plugin. -->","yoast_head_json":{"title":"Conditions g\u00e9n\u00e9rales de vente - Isual","robots":{"index":"index","follow":"follow","max-snippet":"max-snippet:-1","max-image-preview":"max-image-preview:large","max-video-preview":"max-video-preview:-1"},"canonical":"https:\/\/isual.fr\/index.php\/conditions-generales-de-vente\/","og_locale":"fr_FR","og_type":"article","og_title":"Conditions g\u00e9n\u00e9rales de vente - Isual","og_description":"Conditions g\u00e9n\u00e9ralesde vente Les pr\u00e9sentes Conditions G\u00e9n\u00e9rales de Vente (CGV) r\u00e9gissent les relations contractuelles entre Isual et ses clients, ci-apr\u00e8s d\u00e9nomm\u00e9s \u00ab\u00a0Le Client\u00a0\u00bb. Ces CGV s&rsquo;appliquent \u00e0 toute prestation de services de graphisme et de design fournie par Isual au Client. Elles entrent en vigueur d\u00e8s l&rsquo;acceptation du devis par le client. &nbsp;Contact du client [&hellip;]","og_url":"https:\/\/isual.fr\/index.php\/conditions-generales-de-vente\/","og_site_name":"Isual","article_modified_time":"2023-07-30T15:55:42+00:00","twitter_card":"summary_large_image","twitter_misc":{"Dur\u00e9e de lecture estim\u00e9e":"4 minutes"},"schema":{"@context":"https:\/\/schema.org","@graph":[{"@type":"WebPage","@id":"https:\/\/isual.fr\/index.php\/conditions-generales-de-vente\/","url":"https:\/\/isual.fr\/index.php\/conditions-generales-de-vente\/","name":"Conditions g\u00e9n\u00e9rales de vente - Isual","isPartOf":{"@id":"https:\/\/isual.fr\/#website"},"datePublished":"2023-07-27T14:07:16+00:00","dateModified":"2023-07-30T15:55:42+00:00","breadcrumb":{"@id":"https:\/\/isual.fr\/index.php\/conditions-generales-de-vente\/#breadcrumb"},"inLanguage":"fr-FR","potentialAction":[{"@type":"ReadAction","target":["https:\/\/isual.fr\/index.php\/conditions-generales-de-vente\/"]}]},{"@type":"BreadcrumbList","@id":"https:\/\/isual.fr\/index.php\/conditions-generales-de-vente\/#breadcrumb","itemListElement":[{"@type":"ListItem","position":1,"name":"Accueil","item":"https:\/\/isual.fr\/"},{"@type":"ListItem","position":2,"name":"Conditions g\u00e9n\u00e9rales de vente"}]},{"@type":"WebSite","@id":"https:\/\/isual.fr\/#website","url":"https:\/\/isual.fr\/","name":"isual.fr","description":"Rendez vos id\u00e9es visibles","publisher":{"@id":"https:\/\/isual.fr\/#organization"},"potentialAction":[{"@type":"SearchAction","target":{"@type":"EntryPoint","urlTemplate":"https:\/\/isual.fr\/?s={search_term_string}"},"query-input":{"@type":"PropertyValueSpecification","valueRequired":true,"valueName":"search_term_string"}}],"inLanguage":"fr-FR"},{"@type":"Organization","@id":"https:\/\/isual.fr\/#organization","name":"isual.fr","url":"https:\/\/isual.fr\/","logo":{"@type":"ImageObject","inLanguage":"fr-FR","@id":"https:\/\/isual.fr\/#\/schema\/logo\/image\/","url":"https:\/\/isual.fr\/wp-content\/uploads\/2023\/02\/cropped-cropped-logo_isual-1.png","contentUrl":"https:\/\/isual.fr\/wp-content\/uploads\/2023\/02\/cropped-cropped-logo_isual-1.png","width":896,"height":425,"caption":"isual.fr"},"image":{"@id":"https:\/\/isual.fr\/#\/schema\/logo\/image\/"}}]}},"_links":{"self":[{"href":"https:\/\/isual.fr\/index.php\/wp-json\/wp\/v2\/pages\/2210","targetHints":{"allow":["GET"]}}],"collection":[{"href":"https:\/\/isual.fr\/index.php\/wp-json\/wp\/v2\/pages"}],"about":[{"href":"https:\/\/isual.fr\/index.php\/wp-json\/wp\/v2\/types\/page"}],"author":[{"embeddable":true,"href":"https:\/\/isual.fr\/index.php\/wp-json\/wp\/v2\/users\/1"}],"replies":[{"embeddable":true,"href":"https:\/\/isual.fr\/index.php\/wp-json\/wp\/v2\/comments?post=2210"}],"version-history":[{"count":37,"href":"https:\/\/isual.fr\/index.php\/wp-json\/wp\/v2\/pages\/2210\/revisions"}],"predecessor-version":[{"id":2305,"href":"https:\/\/isual.fr\/index.php\/wp-json\/wp\/v2\/pages\/2210\/revisions\/2305"}],"wp:attachment":[{"href":"https:\/\/isual.fr\/index.php\/wp-json\/wp\/v2\/media?parent=2210"}],"curies":[{"name":"wp","href":"https:\/\/api.w.org\/{rel}","templated":true}]}}